{"id":135,"date":"2019-08-23T14:51:14","date_gmt":"2019-08-23T12:51:14","guid":{"rendered":"http:\/\/ecotic.fr\/?page_id=135"},"modified":"2023-05-25T22:32:18","modified_gmt":"2023-05-25T20:32:18","slug":"infogerance","status":"publish","type":"page","link":"https:\/\/ecotic.fr\/index.php\/infogerance\/","title":{"rendered":"Infog\u00e9rance"},"content":{"rendered":"<p><span style=\"font-family: verdana, geneva, sans-serif;\">ECOTIC, sp\u00e9cialiste en infog\u00e9rance et maintenance, vous propose plusieurs formules de prise en charge de votre syst\u00e8me informatique, toutes adapt\u00e9es \u00e0 la taille de votre structure et aux contraintes de votre m\u00e9tier.<\/span><\/p>\n<ul style=\"list-style-type: square;\">\n<li><span style=\"font-family: verdana, geneva, sans-serif;\">Infog\u00e9rance sur site avec d\u00e9l\u00e9gation d\u2019un intervenant \u00e0 temps partag\u00e9<\/span><\/li>\n<li><span style=\"font-family: verdana, geneva, sans-serif;\">Hotline permanente d\u2019assistance aux utilisateurs<\/span><\/li>\n<li><span style=\"font-family: verdana, geneva, sans-serif;\">Maintenance \u00e0 distance et interventions sur site ponctuelles ou programm\u00e9es.<\/span><\/li>\n<\/ul>\n<p><span style=\"font-family: verdana, geneva, sans-serif;\">Nos services vous garantissent une disponibilit\u00e9 optimale de vos syst\u00e8mes, la s\u00e9curisation de vos applications critiques et une aide r\u00e9active aupr\u00e8s de vos collaborateurs dont le temps est pr\u00e9cieux. Nos \u00e9quipes techniques sont proches des utilisateurs et savent r\u00e9pondre \u00e0 leurs demandes en s\u2019adaptant \u00e0 leur niveau de ma\u00eetrise de l\u2019outil avec un discours clair et compr\u00e9hensible.<\/span><\/p>\n<p><span style=\"font-family: verdana, geneva, sans-serif;\">Les prestations d\u2019infog\u00e9rance et maintenance vous permettent \u00e9galement de b\u00e9n\u00e9ficier de conseils pour l\u2019\u00e9volution globale de votre parc, ainsi qu\u2019en mati\u00e8re d\u2019architecture des syst\u00e8mes d\u2019information et de gestion de projets (Solutions collaboratives, changement d\u2019ERP, Coffres-forts num\u00e9riques, GED)<\/span><\/p>\n<p>&nbsp;<\/p>\n<p><span style=\"font-family: verdana, geneva, sans-serif;\"><strong>Les prestations Ecotic visent \u00e0 :<\/strong><\/span><\/p>\n<ul style=\"list-style-type: square;\">\n<li><span style=\"font-family: verdana, geneva, sans-serif;\">R\u00e9duire et rationaliser les co\u00fbts li\u00e9s \u00e0 vos syst\u00e8mes d&rsquo;information<\/span><\/li>\n<li><span style=\"font-family: verdana, geneva, sans-serif;\">Offrir \u00e0 vos collaborateurs davantage de mobilit\u00e9 et de flexibilit\u00e9<\/span><\/li>\n<li><span style=\"font-family: verdana, geneva, sans-serif;\">Am\u00e9liorer votre comp\u00e9titivit\u00e9 et votre productivit\u00e9<\/span><\/li>\n<li><span style=\"font-family: verdana, geneva, sans-serif;\">Cr\u00e9er de nouveaux usages, favoriser l&rsquo;innovation<\/span><\/li>\n<li><span style=\"font-family: verdana, geneva, sans-serif;\">Vous permettre d&rsquo;augmenter de la satisfaction clients<\/span><\/li>\n<li><span style=\"font-family: verdana, geneva, sans-serif;\">Permettre une meilleure implication de vos collaborateurs<\/span><\/li>\n<\/ul>\n<p><span style=\"font-family: verdana, geneva, sans-serif;\"><strong>Qu\u2019est-ce-qu\u2019un Directeur des services informatiques (DSI) ?<\/strong><\/span><\/p>\n<p><span style=\"font-family: verdana, geneva, sans-serif;\">Le DSI est le v\u00e9ritable chef d\u2019orchestre de tout ce qui touche \u00e0 l\u2019informatique dans l\u2019entreprise.\u00a0Avec l\u2019acc\u00e9l\u00e9ration de la transformation num\u00e9rique dans les entreprises et l\u2019av\u00e8nement des solutions cloud,\u00a0les fonctions du DSI ont profond\u00e9ment \u00e9volu\u00e9 ces derni\u00e8res ann\u00e9es. Affranchi d\u2019une grande partie de ses missions historiques purement op\u00e9rationnelles, son r\u00f4le est d\u00e9sormais davantage orient\u00e9 conseil et accompagnement.<\/span><\/p>\n<p>&nbsp;<\/p>\n<p><span style=\"font-family: verdana, geneva, sans-serif;\"><strong>Pourquoi opter pour un DSI externalis\u00e9<\/strong><\/span><\/p>\n<p><span style=\"font-family: verdana, geneva, sans-serif;\">Pour :<\/span><\/p>\n<p style=\"padding-left: 40px;\"><span style=\"font-family: verdana, geneva, sans-serif;\">Disposer de comp\u00e9tences plus larges et b\u00e9n\u00e9ficier de retours d\u2019exp\u00e9rience.<\/span><\/p>\n<p style=\"padding-left: 40px;\"><span style=\"font-family: verdana, geneva, sans-serif;\">R\u00e9duire vos co\u00fbts<\/span><\/p>\n<p style=\"padding-left: 40px;\"><span style=\"font-family: verdana, geneva, sans-serif;\">Optimiser les processus de votre entreprise<\/span><\/p>\n<p style=\"padding-left: 40px;\"><span style=\"font-family: verdana, geneva, sans-serif;\">Aligner vos syst\u00e8mes d\u2019informations \u00a0sur vos enjeux m\u00e9tiers<\/span><\/p>\n<p style=\"padding-left: 40px;\"><span style=\"font-family: verdana, geneva, sans-serif;\">Disposer d\u2019un syst\u00e8me d\u2019information adapt\u00e9, \u00e9volutif, fiable et s\u00e9curis\u00e9<\/span><\/p>\n<p style=\"padding-left: 40px;\"><span style=\"font-family: verdana, geneva, sans-serif;\">Assurer une meilleure s\u00e9curit\u00e9 de vos syst\u00e8mes d\u2019information<\/span><\/p>\n","protected":false},"excerpt":{"rendered":"<p>ECOTIC, sp\u00e9cialiste en infog\u00e9rance et maintenance, vous propose plusieurs formules de prise en charge de votre syst\u00e8me informatique, toutes adapt\u00e9es \u00e0<\/p>\n","protected":false},"author":1,"featured_media":0,"parent":0,"menu_order":0,"comment_status":"closed","ping_status":"closed","template":"fullwidth.php","meta":{"footnotes":""},"aioseo_notices":[],"_links":{"self":[{"href":"https:\/\/ecotic.fr\/index.php\/wp-json\/wp\/v2\/pages\/135"}],"collection":[{"href":"https:\/\/ecotic.fr\/index.php\/wp-json\/wp\/v2\/pages"}],"about":[{"href":"https:\/\/ecotic.fr\/index.php\/wp-json\/wp\/v2\/types\/page"}],"author":[{"embeddable":true,"href":"https:\/\/ecotic.fr\/index.php\/wp-json\/wp\/v2\/users\/1"}],"replies":[{"embeddable":true,"href":"https:\/\/ecotic.fr\/index.php\/wp-json\/wp\/v2\/comments?post=135"}],"version-history":[{"count":13,"href":"https:\/\/ecotic.fr\/index.php\/wp-json\/wp\/v2\/pages\/135\/revisions"}],"predecessor-version":[{"id":908,"href":"https:\/\/ecotic.fr\/index.php\/wp-json\/wp\/v2\/pages\/135\/revisions\/908"}],"wp:attachment":[{"href":"https:\/\/ecotic.fr\/index.php\/wp-json\/wp\/v2\/media?parent=135"}],"curies":[{"name":"wp","href":"https:\/\/api.w.org\/{rel}","templated":true}]}}