{"id":230,"date":"2019-10-17T09:26:08","date_gmt":"2019-10-17T07:26:08","guid":{"rendered":"https:\/\/ecotic.fr\/?page_id=230"},"modified":"2020-12-15T14:33:42","modified_gmt":"2020-12-15T13:33:42","slug":"audit-green-it","status":"publish","type":"page","link":"https:\/\/ecotic.fr\/index.php\/audit-green-it\/","title":{"rendered":"D\u00e9marche Num\u00e9rique Responsable (GREEN IT)"},"content":{"rendered":"<p><strong>Apr\u00e8s 20 ans de croissance effr\u00e9n\u00e9e du num\u00e9rique<\/strong> qui a profond\u00e9ment boulevers\u00e9 nos soci\u00e9t\u00e9s, nous sommes convaincus de l\u2019urgence de connecter le sujet de la transformation num\u00e9rique avec les enjeux sociaux, soci\u00e9taux et environnementaux du 21\u00e8me si\u00e8cle. Nous ne reviendrons sans doute pas en arri\u00e8re, il convient donc d\u2019agir concr\u00e8tement pour donner au num\u00e9rique sa juste place et en d\u00e9velopper les impacts positifs tout en rem\u00e9diant sans d\u00e9lai aux externalit\u00e9s n\u00e9gatives.<\/p>\n<p><strong>ECOTIC<\/strong> accompagne les entreprises souhaitant s\u2019engager vers une d\u00e9marche num\u00e9rique responsable avec comme atout notre forte culture technique, qui nous permet une approche pragmatique et op\u00e9rationnelle en termes de diagnostic de l\u2019existant et de pilotage de la transition.<\/p>\n<p>Le <strong>num\u00e9rique responsable<\/strong>, ou encore le green IT est un ensemble de techniques visant \u00e0 r\u00e9duire l\u2019empreinte sociale, \u00e9conomique et environnementale du num\u00e9rique.\u00a0Que l&rsquo;on utilise les termes <em>num\u00e9rique responsable, sobri\u00e9t\u00e9 num\u00e9rique, num\u00e9rique soutenable, Green IT, informatique verte ou responsable<\/em>&#8230;, peu importe, l&rsquo;implication de tous est devenu une n\u00e9cessit\u00e9 absolue.<\/p>\n<p><img fetchpriority=\"high\" decoding=\"async\" class=\"wp-image-721 alignright\" src=\"https:\/\/ecotic.fr\/wp-content\/uploads\/2020\/12\/F-SDG-Poster-2019_without-UN-emblem_WEB-1024x724.png\" alt=\"\" width=\"561\" height=\"397\" srcset=\"https:\/\/ecotic.fr\/wp-content\/uploads\/2020\/12\/F-SDG-Poster-2019_without-UN-emblem_WEB-1024x724.png 1024w, https:\/\/ecotic.fr\/wp-content\/uploads\/2020\/12\/F-SDG-Poster-2019_without-UN-emblem_WEB-300x212.png 300w, https:\/\/ecotic.fr\/wp-content\/uploads\/2020\/12\/F-SDG-Poster-2019_without-UN-emblem_WEB-768x543.png 768w, https:\/\/ecotic.fr\/wp-content\/uploads\/2020\/12\/F-SDG-Poster-2019_without-UN-emblem_WEB-1536x1086.png 1536w, https:\/\/ecotic.fr\/wp-content\/uploads\/2020\/12\/F-SDG-Poster-2019_without-UN-emblem_WEB-2048x1448.png 2048w\" sizes=\"(max-width: 561px) 100vw, 561px\" \/><\/p>\n<p>&nbsp;<\/p>\n<p>&nbsp;<\/p>\n<p><strong>Nous proposons une approche 3P, \u00ab\u00a0<\/strong><strong><em>People Planet Profit\u00a0\u00bb\u00a0<\/em>pour vous accompagner dans la mise en oeuvre d&rsquo;une feuille de route sur le sujet du Num\u00e9rique Responsable. Nous nous appuyons notamment sur les 17\u00a0<\/strong><b>Objectifs de d\u00e9veloppement durable (ODD) \u00e9dict\u00e9s par les Nations Unies.<\/b><\/p>\n<p><span style=\"font-size: 10pt;\">L\u2019approche 3P, Triple Bottom Line ou Triple Approche, en fran\u00e7ais, est une \u201cconception selon laquelle les performances globales d&rsquo;une entreprise doivent \u00eatre mesur\u00e9es en fonction de sa contribution combin\u00e9e \u00e0 la prosp\u00e9rit\u00e9 \u00e9conomique, \u00e0 la qualit\u00e9 de l&rsquo;environnement et au capital social\u201d.<\/span><\/p>\n<p><span style=\"font-size: 10pt;\">Le bilan social &gt; <strong>People<\/strong><\/span><\/p>\n<p><span style=\"font-size: 10pt;\">Le bilan environnemental &gt; <strong>Planet<\/strong><\/span><\/p>\n<p><span style=\"font-size: 10pt;\">Le bilan \u00e9conomique &gt; <strong>Profit<\/strong><\/span><\/p>\n<p>&nbsp;<\/p>\n<p>&nbsp;<\/p>\n<p style=\"text-align: left;\"><strong>Notre d\u00e9marche personnalisable\u00a0<\/strong><\/p>\n<ul>\n<li>Audit initial, pr\u00e9-diagnostic<\/li>\n<li>Choix des indicateurs en lien avec les strat\u00e9gies RSE de l&rsquo;entreprise et selon des r\u00e9f\u00e9rentiels existants<\/li>\n<li>D\u00e9finition des axes majeurs par la Direction G\u00e9n\u00e9rale en lien avec l\u2019ensemble des services concern\u00e9s<\/li>\n<li>D\u00e9clinaison de chacun des axes majeurs en initiatives et projets, constitution de groupes de travail<\/li>\n<li>Construire la feuille de route en mati\u00e8re de Num\u00e9rique Responsable<\/li>\n<li>Mise en \u0153uvre de la feuille de route avec agilit\u00e9 et en favorisant l\u2019innovation<\/li>\n<li>\u00c9valuer et analyser les r\u00e9sultats de la d\u00e9marche<\/li>\n<li>Communiquer sur les r\u00e9sultats de la d\u00e9marche<\/li>\n<\/ul>\n<p><strong>Quel que soit le stade de maturit\u00e9 de votre entreprise en mati\u00e8re\u00a0<\/strong><b>d&rsquo;\u00e9co-responsabilit\u00e9 sur vos syst\u00e8mes d&rsquo;information, n&rsquo;h\u00e9sitez pas \u00e0 nous contacter pour \u00e9changer sur ce sujet.<\/b><\/p>\n","protected":false},"excerpt":{"rendered":"<p>Apr\u00e8s 20 ans de croissance effr\u00e9n\u00e9e du num\u00e9rique qui a profond\u00e9ment boulevers\u00e9 nos soci\u00e9t\u00e9s, nous sommes convaincus de l\u2019urgence de connecter le <\/p>\n","protected":false},"author":1,"featured_media":0,"parent":0,"menu_order":0,"comment_status":"closed","ping_status":"closed","template":"fullwidth.php","meta":{"footnotes":""},"aioseo_notices":[],"_links":{"self":[{"href":"https:\/\/ecotic.fr\/index.php\/wp-json\/wp\/v2\/pages\/230"}],"collection":[{"href":"https:\/\/ecotic.fr\/index.php\/wp-json\/wp\/v2\/pages"}],"about":[{"href":"https:\/\/ecotic.fr\/index.php\/wp-json\/wp\/v2\/types\/page"}],"author":[{"embeddable":true,"href":"https:\/\/ecotic.fr\/index.php\/wp-json\/wp\/v2\/users\/1"}],"replies":[{"embeddable":true,"href":"https:\/\/ecotic.fr\/index.php\/wp-json\/wp\/v2\/comments?post=230"}],"version-history":[{"count":22,"href":"https:\/\/ecotic.fr\/index.php\/wp-json\/wp\/v2\/pages\/230\/revisions"}],"predecessor-version":[{"id":731,"href":"https:\/\/ecotic.fr\/index.php\/wp-json\/wp\/v2\/pages\/230\/revisions\/731"}],"wp:attachment":[{"href":"https:\/\/ecotic.fr\/index.php\/wp-json\/wp\/v2\/media?parent=230"}],"curies":[{"name":"wp","href":"https:\/\/api.w.org\/{rel}","templated":true}]}}